 + k**4/12 + k**3/6 + 22*k**2 - 9*k. What are the prime factors of c(0)?
2, 11
Suppose 4*i = 5*y - 18, 15 = 5*y - 5*i - 5. Suppose 3*p + y*p = 15. Suppose -2*o - 5*v = -38, 0*o + 34 = p*o - 4*v. List the prime factors of o.
2, 7
Let t(m) = m - 4. Let g be t(7). Suppose 0 = -4*f + a + 39, g*a + 29 = -0*f + 4*f. List the prime factors of f.
11
Let j(i) = -i - 15. Let r be j(-11). Let g = 10 - 16. Let a = r - g. List the prime factors of a.
2
Let g be 4/(-4) + 2 - -2. Suppose 0 = g*z - 4*o - o - 26, -12 = 3*o. What are the prime factors of z?
2
List the prime factors of 3 - 0 - -1*46.
7
Let v(p) = p**3 + 5*p**2 + 4*p + 5. Let j be v(-4). Let g be (-4)/(-2) + (1 - 0). Suppose -5*f = 5, -3*y + g = -j*f - 26. What are the prime factors of y?
2
Suppose 4*k - 4 = 16. Suppose 0 = -0*z - z - k. Let g = -2 - z. List the prime factors of g.
3
Suppose 2*l - 10 = -2. Let h = 2 - 2. Let t = l - h. List the prime factors of t.
2
Let z(m) = 4*m**2 - m - 1. Let c be z(-1). Suppose 5*q + 376 = -o, -22 + 6 = -c*o. What are the prime factors of q/(-6) - 4/6?
2, 3
Let j = -8 + 6. List the prime factors of (-3)/(-6) - 3/j.
2
Let v(m) = m - 1. Let t be v(-7). Let g = 1 - t. List the prime factors of g.
3
What are the prime factors of 14*3 + (-18)/6?
3, 13
Let h(k) = 9*k + 7. Let x be h(3). Suppose u = -6*z + 3*z + 18, -u + x = -z. What are the prime factors of u?
2, 3, 5
Suppose -3*j + 14 + 7 = 0. List the prime factors of j.
7
Let w = 51 - 36. Let c = -11 + w. Suppose p - c - 1 = 0. List the prime factors of p.
5
Let u(b) = -b**2 + b + 1. Let m(h) = 3*h**2 - 7*h + 1. Let l(p) = m(p) + 2*u(p). Let r be l(6). Suppose 4*j - 27 = r. What are the prime factors of j?
3
Let a(n) = n**3 + 7*n**2 + 5*n - 1. Let w be a(-6). Let o(f) = 3*f + 3. List the prime factors of o(w).
2, 3
Let p = -8 - -12. Suppose -p*v = v - 10. Suppose 4*r + l - 55 = 2*l, -v*r - 3*l + 31 = 0. What are the prime factors of r?
2, 7
Suppose 4*x - 38 - 2 = 0. Let w = x - -16. List the prime factors of w.
2, 13
Suppose -5*s + 2*f = 3*f - 1484, -894 = -3*s + 3*f. List the prime factors of s.
3, 11
Suppose 5*x - 348 - 12 = 0. List the prime factors of x.
2, 3
Suppose 12*x = 10*x + 594. What are the prime factors of x?
3, 11
Let r = -31 + 51. What are the prime factors of r?
2, 5
Let m = 70 - 16. Suppose -5*v + 133 = r, 3*r = 5*v - 195 + m. What are the prime factors of v?
3
Let o = -46 + 76. Suppose 0*r + 1 = -2*r - 5*f, -r + 4*f + 6 = 0. Suppose -o = -p - r*p. List the prime factors of p.
2, 5
Suppose 0 = l - 0*l - 1. Suppose 39 = 3*p - 0. What are the prime factors of (p + l)*4/8?
7
Suppose -3*q = 5*s + q - 152, -3*q = 4*s - 122. Suppose -2*g + s = -2*i, 2*i - 12 = 4*g - 70. List the prime factors of g.
13
Let y(j) = 2*j - 3. Let z be y(3). Suppose i - 3*f - 4 = 0, 3*f = -2*i - f + 18. Let p = i + z. List the prime factors of p.
2, 5
Let g = 2 - -2. Let v(l) = l**3 - 2*l**2 - 5*l + 1. What are the prime factors of v(g)?
13
Suppose -63 = -j - 0*j. List the prime factors of j.
3, 7
Let o be 4 + -3 + 3/3. What are the prime factors of (1 + o)*24/3?
2, 3
Suppose 0 = -4*l - 4*i - 32, 3*i + 5 = -l - 5. Let c(b) = -87*b + 0 + 88*b + 10. List the prime factors of c(l).
3
Suppose -n + 3*b + 11 = b, 2*n + b = 12. Let j(u) = 4*u + u - 2*u - 9. List the prime factors of j(n).
2, 3
Let m(a) = a + 5. Let p be m(-5). Suppose -b + p = 2. List the prime factors of (3/(-1))/(3/b).
2
Let s = -20 + 116. What are the prime factors of s?
2, 3
Let c(q) = 2*q**2 - 3*q. Let v be c(2). Let u(t) be the second derivative of t**5/20 - t**4/12 - t**3/6 + t**2 + 2*t. What are the prime factors of u(v)?
2
Suppose 19 = 3*w - 68. What are the prime factors of w?
29
Suppose -4 + 1 = 3*r. Let g = r - -7. What are the prime factors of 8*3*g/9?
2
Let r = -109 - -139. List the prime factors of r.
2, 3, 5
Let z(j) = j**2 - 3. Let l(c) = c**3 + 9*c**2 - 11*c - 6. Let h be l(-10). Let p = 1 - h. List the prime factors of z(p).
2, 3
Suppose s + 3*s = 48. Suppose g + s = 2*g. List the prime factors of g.
2, 3
Suppose -l - 3*l - 248 = 0. Let f = -32 - l. List the prime factors of f.
2, 3, 5
Let f(m) = m - 3. Let r be ((-14)/(-6))/(5/15). Let t be f(r). Suppose 0 = -2*o + o - 4*c, t*c = -8. List the prime factors of o.
2
Let u(q) = -2*q + 1. Let r be u(3). Let m be 1/3 + r/(-3). Suppose -2*f + 2 = 3*n, m*f + 2 = n - 5*n. What are the prime factors of f?
7
Let d(x) = -x**3 + 7*x**2 - 7*x + 2. List the prime factors of d(5).
17
Let x(m) = m**3 + 8*m**2 - 9*m - 3. Let v be x(-9). Let n = 3 - v. List the prime factors of n.
2, 3
Let t(f) = -f**2 - f. Let z(h) = 5*h**2 + 5*h - 7. Let n(j) = 3*t(j) + z(j). What are the prime factors of n(-5)?
3, 11
Suppose 0*x + 18 = 5*w - x, -w - 4 = -4*x. Let j = 1 + w. What are the prime factors of j?
5
Let x = 25 - 16. Suppose 2*o - 15 - x = 0. What are the prime factors of o?
2, 3
Let s be 10/(-4)*16/(-10). Let h = 10 - s. Let c = h + -3. List the prime factors of c.
3
Let n = 1 - 0. Let l = n + 0. List the prime factors of 9 + (1 - -1)/l.
11
Let u = -7 + 6. Let g(f) = -13*f**3 - f - 1. What are the prime factors of g(u)?
13
Let l = 70 - 54. What are the prime factors of l?
2
Let f be -45*(3 + 57/(-15)). Suppose -f = -3*n - 3. List the prime factors of n.
11
Let y = 18 - 22. Let g(r) = -10*r + 8. List the prime factors of g(y).
2, 3
Let m be -5*(-2 + 32/20). Suppose -8 - 22 = -5*f. Suppose v - m*v = -f. What are the prime factors of v?
2, 3
Let t = -20 + 24. What are the prime factors of t?
2
List the prime factors of -2*186*12/(-18).
2, 31
List the prime factors of (-2 + 2 + -1)*58/(-2).
29
Let r = -7 + 12. Suppose -4*v + r = 7*k - 2*k, -4*v = 4*k. Suppose -k*w - 52 = -10*w + 2*s, 4*s = -5*w + 46. What are the prime factors of w?
2, 5
What are the prime factors of (-5 + 2)/((-1)/46)?
2, 3, 23
Suppose -4*t + 44 = -4*n, 0*t - n = t - 3. List the prime factors of (-2)/t + 390/42.
3
Let u be (-17)/2 - 4/8. Let n be u/12 + 314/(-8). List the prime factors of (-32)/n*(-15)/(-2).
2, 3
Suppose -8*k + 47 = 2*a - 3*k, -5*a - k + 152 = 0. List the prime factors of a.
31
Suppose 23*l - 44 = 22*l. List the prime factors of l.
2, 11
Let a(z) = z**3 - 3*z**2 - z + 5. List the prime factors of a(6).
107
Let m(v) = -2*v - 5. Let r(c) = -c**2. Let g be r(2). List the prime factors of m(g).
3
Suppose -7 = -2*c - f, 3 = -3*c + 2*f + f. Suppose b = c*b - 6. List the prime factors of (1 - (-1)/(-2))*b.
3
Suppose -h + g + 42 = 0, -g + 24 = h - 10. What are the prime factors of h?
2, 19
Let x = -10 + 13. List the prime factors of x.
3
Suppose 20*a + 132 = 22*a. List the prime factors of a.
2, 3, 11
Let j(a) = -10*a - 5. Let s be j(-5). Let o = s + -31. List the prime factors of o.
2, 7
Let a(v) = v**3 - 8*v**2 + 6*v - 3. What are the prime factors of a(8)?
3, 5
Let p(g) be the first derivative of -g**2/2 - 7*g - 3. Let o be p(-6). What are the prime factors of ((-4)/2)/(0 + o)?
2
Let g be 3 + -1 + 8 + 1. Let w = g - 1. List the prime factors of w.
2, 5
Let b = -21 + 15. Let q = -10 - -7. List the prime factors of b/(-9) - 16/q.
2, 3
Let p be ((-40)/6)/((-1)/30). Suppose -4*s = s - p. What are the prime factors of s?
2, 5
Let y(t) = -14*t - 3. Let w(m) = 5*m + 1. Let q(z) = 11*w(z) + 4*y(z). Suppose -i + 9 = -2*i. List the prime factors of q(i).
2
Let b = -24 + 26. Suppose b*g + 2 = 3*g. What are the prime factors of g?
2
Let o(g) = -20*g - 5. List the prime factors of o(-1).
3, 5
Suppose -4*h + 6 + 131 = -s, -4*s = 5*h - 187. List the prime factors of h.
5, 7
Suppose 3*l + 2*t - 2 = 0, t + 3 = 7. Let x = l - -5. What are the prime factors of x?
3
Let v(x) = -23*x**3 + 2*x + 2. List the prime factors of v(-1).
23
Suppose 20*r - 21*r + 220 = 0. List the prime factors of r.
2, 5, 11
Suppose 5*f - 7*f + 182 = 0. What are the prime factors of f?
7, 13
List the prime factors of 5 + -2 + 13 + 1.
17
List the prime factors of (-7)/(-14) - 33/(-2).
17
Suppose z + 53 = h + 203, 4*h + 746 = 5*z. List the prime factors of z.
2, 73
Suppose 2*k - 7*k + 125 = 0. Suppose -3*t + 101 = 2*v + k, 0 = v - 5*t - 12. List the prime factors of v.
2
Let l(p) = p**3 + p**2 - 3*p. What are the prime factors of l(3)?
3
Let j(f) = f**2 - 8*f + 11. Let a = -21 - -29. What are the prime factors of j(a)?
11
Let z be (0 - 5)*((-95)/25 + -5). Suppose 0 = -2*u + 3*t - 3,